{"id":27,"date":"2022-02-16T14:50:09","date_gmt":"2022-02-16T14:50:09","guid":{"rendered":"http:\/\/internationalweek.ipportalegre.pt\/2025\/?page_id=27"},"modified":"2025-04-01T15:32:35","modified_gmt":"2025-04-01T15:32:35","slug":"accommodation-suggestions","status":"publish","type":"page","link":"https:\/\/internationalweek.ipportalegre.pt\/2025\/useful-information\/accommodation-suggestions\/","title":{"rendered":"Accommodation suggestions"},"content":{"rendered":"\n<p>The region offers a wide variety of accommodation options, from hotels, to hostels, local accommodation units (self-catering), or Bed and Breakfast. Most of these are announced on booking websites, like booking.com.&nbsp;<\/p>\n\n\n\n<p style=\"font-size:30px\"><i class=\"fas fa-hotel\"><\/i><\/p>\n\n\n\n<p><strong>To be closer to the venues where the International Week is taking place, we suggest you choose accommodation in the hotels below.<\/strong><\/p>\n\n\n\n<p><strong>Portalegre<\/strong><\/p>\n\n\n\n<p><a href=\"https:\/\/rossiohotel.com\/en\/rossio-hotel-english-homepage\/\" target=\"_blank\" rel=\"noreferrer noopener\">Ammaia<\/a> AL ***<br><a href=\"https:\/\/www.visitalentejo.info\/pt\/property\/alojamentos-casa-facha-papaia-apartment.html\" target=\"_blank\" rel=\"noreferrer noopener\">Alojamentos Casa Facha Papaia<\/a> ***<br><a href=\"https:\/\/www.visitalentejo.info\/pt\/property\/casa-do-arcohotel.html\" target=\"_blank\" rel=\"noreferrer noopener\">Casa do Arco Portalegre<\/a> ***<br><a href=\"https:\/\/www.visitalentejo.pt\/pt\/catalogo\/onde-dormir\/alojamento-local\/casa-dom-manoel\/\" target=\"_blank\" rel=\"noreferrer noopener\">Casa Dom Manoel<\/a> ***<br><a href=\"https:\/\/www.visitalentejo.pt\/pt\/catalogo\/onde-dormir\/alojamento-local\/casa-do-doutor\/\" target=\"_blank\" rel=\"noreferrer noopener\">Casa do Doutor<\/a> ***<br><a href=\"https:\/\/casa-do-patio-bed-breakfast-city-center-portalegre.booked.com.pt\/\" target=\"_blank\" rel=\"noreferrer noopener\">Casa do P\u00e1tio<\/a> ***<br><a href=\"https:\/\/www.donamariagh.com\/\" target=\"_blank\" rel=\"noreferrer noopener\">Dona Maria<\/a> ***<br><a href=\"https:\/\/www.visitalentejo.pt\/pt\/catalogo\/onde-dormir\/alojamento-local\/estalagem-da-liberdade\/\" target=\"_blank\" rel=\"noreferrer noopener\">Estalagem da Liberdade<\/a> ***<br><a href=\"https:\/\/hoteljoseregio.com\/\" target=\"_blank\" rel=\"noreferrer noopener\">Hotel Jos\u00e9 R\u00e9gio<\/a> ****<br><a href=\"https:\/\/www.portalegrepalace.pt\/EN\/\" target=\"_blank\" rel=\"noreferrer noopener\">Portalegre Palace<\/a> ****<br><a href=\"https:\/\/www.visitalentejo.info\/pt\/property\/patio-do-marques-estadias-de-curta-e-media-duracao.html\" target=\"_blank\" rel=\"noreferrer noopener\">P\u00e1tio do Marqu\u00eas<\/a> ***<br><a href=\"https:\/\/rossiohotel.com\/en\/rossio-hotel-english-homepage\/\" target=\"_blank\" rel=\"noreferrer noopener\">Rossio Hotel<\/a> ****<br><a href=\"https:\/\/www.visitalentejo.pt\/pt\/catalogo\/onde-dormir\/turismo-de-habitacao\/solar-das-avencas\/\" target=\"_blank\" rel=\"noreferrer noopener\">Solar das Avencas<\/a> ***<\/p>\n\n\n\n<p>Once you have booked your accommodation, please let us know. Also, please let us know if you need any help or recommendation.<\/p>\n\n\n\n<p style=\"font-size:30px\"><i class=\"fas fa-taxi\"><\/i><\/p>\n\n\n\n<p>We also inform you that there is no UBER service in Portalegre, so if you need a transportation service, you can request a taxi through the following numbers:&nbsp;<\/p>\n\n\n\n<p>Pra\u00e7a de T\u00e1xis do Rossio: 00351 245 202&nbsp;375<br>Pra\u00e7a de T\u00e1xis da Rua de Elvas:&nbsp;&nbsp;00351 245 201&nbsp;380<br>Pra\u00e7a de T\u00e1xis da Avenida da Liberdade: 00351 245&nbsp;404 694<br>Pra\u00e7a de T\u00e1xis da Avenida Movimento das For\u00e7as Armadas: 00351 245&nbsp;203 842<br>Pra\u00e7a de T\u00e1xis de Assentos: 00351 245&nbsp;208 668<\/p>\n","protected":false},"excerpt":{"rendered":"<p>The region offers a wide variety of accommodation options, from hotels, to hostels, local accommodation<\/p>\n","protected":false},"author":1,"featured_media":0,"parent":21,"menu_order":3,"comment_status":"closed","ping_status":"closed","template":"","meta":{"inline_featured_image":false,"footnotes":""},"class_list":["post-27","page","type-page","status-publish","hentry"],"_links":{"self":[{"href":"https:\/\/internationalweek.ipportalegre.pt\/2025\/wp-json\/wp\/v2\/pages\/27","targetHints":{"allow":["GET"]}}],"collection":[{"href":"https:\/\/internationalweek.ipportalegre.pt\/2025\/wp-json\/wp\/v2\/pages"}],"about":[{"href":"https:\/\/internationalweek.ipportalegre.pt\/2025\/wp-json\/wp\/v2\/types\/page"}],"author":[{"embeddable":true,"href":"https:\/\/internationalweek.ipportalegre.pt\/2025\/wp-json\/wp\/v2\/users\/1"}],"replies":[{"embeddable":true,"href":"https:\/\/internationalweek.ipportalegre.pt\/2025\/wp-json\/wp\/v2\/comments?post=27"}],"version-history":[{"count":11,"href":"https:\/\/internationalweek.ipportalegre.pt\/2025\/wp-json\/wp\/v2\/pages\/27\/revisions"}],"predecessor-version":[{"id":631,"href":"https:\/\/internationalweek.ipportalegre.pt\/2025\/wp-json\/wp\/v2\/pages\/27\/revisions\/631"}],"up":[{"embeddable":true,"href":"https:\/\/internationalweek.ipportalegre.pt\/2025\/wp-json\/wp\/v2\/pages\/21"}],"wp:attachment":[{"href":"https:\/\/internationalweek.ipportalegre.pt\/2025\/wp-json\/wp\/v2\/media?parent=27"}],"curies":[{"name":"wp","href":"https:\/\/api.w.org\/{rel}","templated":true}]}}